 - 1, -5*q = -i*v + 2. List the prime factors of q.
2
Let y(k) = 12*k + 3. Let f(o) = -o - 2. Let b(s) = -3*f(s) - y(s). What are the prime factors of b(-8)?
3, 5
Let c(v) = 360*v**2. What are the prime factors of c(-1)?
2, 3, 5
List the prime factors of (-1200094)/(-460) + (-1)/(-10).
2609
Let h be ((-76)/95)/(4/(-10)). Let p(g) = 3*g - 2. Let c be p(h). Suppose a - 2*j = 38, -2*a + 76 = c*j - 2*j. What are the prime factors of a?
2, 19
Let f(o) = 0*o - 3*o - 28 + 18 + 14*o. What are the prime factors of f(4)?
2, 17
Suppose 0*p = -4*p. Suppose m + 17 = 3*h, 4*h + 0*m + m - 25 = p. What are the prime factors of h?
2, 3
Let t(f) = -33 + 48 - 2*f**2 - 2*f + 54. What are the prime factors of t(0)?
3, 23
Suppose 0 = -2*d + 2*j + 1266, 6*j - j = -d + 663. List the prime factors of d.
2, 11, 29
Let g(h) = -h**3 - 21*h**2 + 17*h - 19. What are the prime factors of g(-22)?
7, 13
Suppose -220 = 10*k - 14*k. Suppose 2*o + 3*o - 5*z - k = 0, 31 = 5*o + 3*z. List the prime factors of o.
2
Let z be (-42)/(-12) + 2/(-4). Suppose -5*h = -z*b - 437, -4*h - 4*b + 356 = -8*b. What are the prime factors of h?
5, 17
Suppose 0 = 3*d - 6*d + 9. Suppose -10 = 5*s, -d*y = -6*y + 4*s + 185. List the prime factors of y.
59
Suppose 3*w - 39 = m, 4*w - 2*m - 52 = -3*m. What are the prime factors of (0 - 174/(-4)) + w/26?
2, 11
Suppose 0 = q - 1 - 5. Let r(t) = 34*t**2 - t + 2. Let j be r(-2). Suppose j = q*y - 2*y. List the prime factors of y.
5, 7
Let n be (-2)/(-1)*(5 - -2). Let r be (n/35)/((-2)/(-5)). Let a(k) = 21*k + 2. What are the prime factors of a(r)?
23
Let t(x) = 7*x**2 + 19*x - 4. List the prime factors of t(-8).
2, 73
Suppose -121 = -3*m - 31. Let s = m + -20. What are the prime factors of s?
2, 5
Suppose b + 699 - 4526 = 2*v, 2*v + 7652 = 2*b. List the prime factors of b/54 + (-2)/(-12).
71
Let b = 1126 + -729. List the prime factors of b.
397
Suppose 3*h = 242 - 788. Let q = 257 + h. List the prime factors of q.
3, 5
Let i(n) = -n**3 - 10*n**2 - 20*n + 40. List the prime factors of i(-15).
5, 293
Let i = -12 + 15. Let d be 1 - (3 - (1 + i)). Suppose d = v - 6. List the prime factors of v.
2
Let r be (-20)/12*3*-1. Suppose 3*v = -5*t + 377, t - 2*t = -r*v - 53. What are the prime factors of t?
73
Suppose 24615 = 40*u - 9825. List the prime factors of u.
3, 7, 41
List the prime factors of (3/(-9))/((-16)/15936).
2, 83
Suppose 25 = -5*v - 35. List the prime factors of 6/(-12) + (-3)/(v/206).
3, 17
Let l = 772 - 745. Let c(w) = 47*w + 1. Let t be c(1). Let u = t - l. What are the prime factors of u?
3, 7
Let i(o) = -o**2 - 62*o - 215. What are the prime factors of i(-43)?
2, 7, 43
Suppose 4*v = -3*u - 827 + 2697, -3114 = -5*u - 4*v. What are the prime factors of u?
2, 311
What are the prime factors of (7/((-49)/5103))/((-3)/2)?
2, 3
Suppose -5*v - 1366 - 342 = -2*n, 3360 = 4*n + 4*v. What are the prime factors of n?
2, 211
What are the prime factors of (-11661)/(-46) - (2 + (-5)/2)?
2, 127
Let q be -6 + 4 + (176 - 3). Suppose 3*z - 186 - q = 0. List the prime factors of z.
7, 17
Let w(p) = p**3 + 7*p**2 - p + 5. Let s be w(-5). Suppose -j + 0*t + s = t, -3*j + 162 = -3*t. What are the prime factors of j?
3, 19
Let s be -8*(3 - (0 + 4)). Let b = -4 - s. List the prime factors of (0 - b)*(-4)/(-12).
2
Let o = 8 - 8. What are the prime factors of (-45)/(-9) + (106 - o)?
3, 37
Suppose -q - 5*b + 113 + 794 = 0, 5*b = 0. What are the prime factors of q?
907
Suppose 2*x = 14*x - 48. Suppose 5*o + 5*d - 2*d = 963, 3*d - 768 = -x*o. List the prime factors of o.
3, 5, 13
Suppose 0 = 2*f - 4*d - 40, -3*f = -4*d - 18 - 32. What are the prime factors of f*(-4)/2*-1?
2, 5
Suppose -90*d + 74241 = 23571. List the prime factors of d.
563
Let a(l) = -l**2 - 13*l - 7. Let w be a(-13). Let x = 5 + w. List the prime factors of (-13 + x)*(-10)/3.
2, 5
Let y(x) = -x**3 - x**2 - 4*x - 99. What are the prime factors of y(-8)?
3, 127
Let y = -335 - -207. Let l = -76 - y. List the prime factors of l.
2, 13
Let y be (-98)/(-12) - 4/24. Let v be ((-154)/y)/((-4)/16). Let x = v + -55. What are the prime factors of x?
2, 11
Let v be (14/(-35))/(2/(-20)). Let s(d) = -d - v - 6 + 7*d - 6. List the prime factors of s(9).
2, 19
Suppose -o + 3*o = 82. Suppose -3*m + o = 8. Suppose -86 = -3*d - m. List the prime factors of d.
5
Suppose -14479 = -4*v - 5*p, -5*v - 3*p + 23914 - 5825 = 0. What are the prime factors of v?
2, 113
Let r = -2351 + 3626. List the prime factors of r.
3, 5, 17
Suppose 115 = 3*d + 5*m, 4*m + 10 = -0*d + d. What are the prime factors of ((-45)/75)/((-2)/d)?
3
Let n = 563 - 474. What are the prime factors of n?
89
Let i(j) be the second derivative of -j**5/20 + 2*j**3/3 + j**2 - 14*j. Let a be i(4). Let h = a - -127. List the prime factors of h.
3
Suppose 2*i - 161 - 119 = 0. What are the prime factors of i?
2, 5, 7
Let p = -560 - -1549. List the prime factors of p.
23, 43
Let f(x) = 3*x - 24. Let s be f(6). List the prime factors of 25424/105 - s/(-45).
2, 11
List the prime factors of 832648/290 - (-4)/5.
2, 359
Suppose -1035 = -3*o - d + 4814, 0 = -2*o - 2*d + 3906. What are the prime factors of o?
2, 487
Let v be (-10)/(((-2)/(-4))/(6/(-24))). Suppose -5*a - 215 = 5*m, 0 = -4*a + 3 + 1. Let l = v - m. What are the prime factors of l?
7
Suppose -3*m + 9 = -0. Suppose -4*q + 1212 = 5*d, m*q - 631 = -3*d + 95. Suppose -3*a = -4*x - d, -x - 6 + 78 = a. What are the prime factors of a?
2, 19
Let s(a) = 10*a**3 + 5*a**2 + 15*a - 4. Let q(d) = 3*d**3 + 2*d**2 + 5*d - 1. Let j(p) = 7*q(p) - 2*s(p). List the prime factors of j(4).
149
Let h(b) = 51*b - 3. List the prime factors of h(8).
3, 5
Suppose -2*p = 5*v - 124, 4*v + 0*p = -3*p + 95. Suppose -2*s = 3*n - v + 8, 2*s = -4*n + 14. List the prime factors of (-608)/(-14) + s/(-35).
43
Suppose 5*z + 3*n = -0*n - 1390, -3*n = -z - 260. Let c = 491 + z. List the prime factors of c.
2, 3
Let b be 119*2 + 2 - 0. Suppose 0 = 2*p + p + g + 19, 11 = -p - 5*g. What are the prime factors of p/5*b/(-36)?
2
Suppose 19 = -3*o + 4*i, 0*i - 9 = o - 2*i. Suppose 3 = -2*d + 1. What are the prime factors of o/(2/68)*d?
2, 17
Let n = 37 - 17. Suppose -n = -j + 2*v, -5*j - v = -0*j - 111. List the prime factors of j.
2, 11
Suppose -3*z = -7*z. Suppose z + 8 = -4*n. List the prime factors of n/5 + 54/10.
5
Let p(z) = -z**3 - 12*z**2 + 1. Let m be p(-12). List the prime factors of (-2)/(-4) + m*(-2065)/(-14).
2, 37
Let d = 34 + -27. Suppose d*f - 3*f = 144. What are the prime factors of f?
2, 3
Suppose -4*i + 5246 = -2*l, 2616 - 6578 = -3*i - 4*l. What are the prime factors of i?
2, 3, 73
Let c = 993 + -513. What are the prime factors of c?
2, 3, 5
Let c(m) = 107*m**3 - 7*m**2 - m + 3. List the prime factors of c(3).
2, 3, 157
Suppose 2*r - 2*k = 2, -4*k = -r + 5*r - 12. Suppose 2*h - 4 = 2*g, 2*g + r - 6 = -2*h. Suppose 4*b = 4, 2*z + 4*b + 0*b - 10 = g. List the prime factors of z.
3
Let i = 37 + -34. Suppose -4*l + 2*l = 3*c - 116, 3*c = -i*l + 171. List the prime factors of l.
5, 11
Let g = 20 - 20. Suppose g = -2*u + p + 122, u = 2*p + 2*p + 75. List the prime factors of u.
59
List the prime factors of 24/3 + 3 + 126.
137
Let f be (2/12*-3)/((-2)/(-72)). What are the prime factors of 225/f*(-114)/5?
3, 5, 19
List the prime factors of (-23 - -21)/(1/(-116)).
2, 29
Let j(a) = 40*a + 11. Let f be j(5). Let q = f + -130. What are the prime factors of q?
3
Let w(q) = q**3 + 2*q**2 + 32*q - 49. List the prime factors of w(8).
7, 11
Let n = 15 + -12. Suppose -3*f = -9*j + 4*j + 24, -n*f = 9. Suppose -3*p + 0*q + 3*q + 138 = 0, -2*p + 102 = j*q. What are the prime factors of p?
2, 3
Suppose -4*o + 0*o + 48 = 4*r, -4*r - 3*o + 45 = 0. Let b = r + -4. Suppose 0 = -b*v + v - 3*t + 17, 3*v = 2*t. List the prime factors of v.
2
Suppose -7 - 13 = 2*y. Let n = 42 - y. Suppose -5*l = 2*o - n, l + 4*l - 44 = -4*o. List the prime factors of l.
2, 3
Let g(w) = -10*w - 10. Let b(f) = -20*f - 21. Suppose -2*l - 3*l = -25. Let d(o) = l*g(o) - 2*b(o). List the prime factors of d(-6).
2, 13
List the prime factors of (-2074)/(-8) - 1/4.
7, 37
Let s = -5 - 13. Let t be s/(-4 - -2) + -3. List the prime factors of (24/14)/(t/63).
2, 3
Let j be 9/(-12) + 94/8. Suppose 3*y = -5*a - j, -5*a = 28 - 8. Suppose -2*h = u - h - 23, -y = -h. List the prime factors of u.
2, 5
S